{"id":157,"date":"2025-10-21T17:01:14","date_gmt":"2025-10-21T14:01:14","guid":{"rendered":"https:\/\/siteurirapid.ro\/?page_id=157"},"modified":"2025-10-21T17:03:23","modified_gmt":"2025-10-21T14:03:23","slug":"serviciile-noastre","status":"publish","type":"page","link":"https:\/\/siteurirapid.ro\/index.php\/serviciile-noastre\/","title":{"rendered":"Serviciile noastre"},"content":{"rendered":"<h3 data-start=\"1073\" data-end=\"1100\">\ud83c\udf10 Site de prezentare<\/h3>\n<p data-start=\"1101\" data-end=\"1235\">Ideal pentru freelanceri, saloane, restaurante, firme mici.<br data-start=\"1160\" data-end=\"1163\" \/>Include p\u00e2n\u0103 la 5 pagini, formular de contact, optimizare SEO de baz\u0103.<\/p>\n<p data-start=\"1237\" data-end=\"1256\"><strong data-start=\"1237\" data-end=\"1256\">De la 1.499 lei<\/strong><\/p>\n<hr data-start=\"1258\" data-end=\"1261\" \/>\n<h3 data-start=\"1263\" data-end=\"1300\">\ud83d\uded2 Magazin online (WooCommerce)<\/h3>\n<p data-start=\"1301\" data-end=\"1471\">Pentru cei care vor s\u0103 v\u00e2nd\u0103 produse sau servicii online.<br data-start=\"1358\" data-end=\"1361\" \/>Design curat, integrare plat\u0103 online (Stripe \/ Netopia), facturare automat\u0103, \u0219i training scurt dup\u0103 livrare.<\/p>\n<p data-start=\"1473\" data-end=\"1492\"><strong data-start=\"1473\" data-end=\"1492\">De la 4.999 lei<\/strong><\/p>\n<hr data-start=\"1494\" data-end=\"1497\" \/>\n<h3 data-start=\"1499\" data-end=\"1527\">\ud83e\uddf0 Mentenan\u021b\u0103 &amp; suport<\/h3>\n<p data-start=\"1528\" data-end=\"1655\">Actualiz\u0103ri, backup, securitate, modific\u0103ri minore \u0219i monitorizare continu\u0103.<br data-start=\"1604\" data-end=\"1607\" \/>Tu te ocupi de clien\u021bi, noi ne ocup\u0103m de site.<\/p>\n<p data-start=\"1657\" data-end=\"1679\"><strong data-start=\"1657\" data-end=\"1679\">De la 299 lei\/lun\u0103<\/strong><\/p>\n","protected":false},"excerpt":{"rendered":"<p>\ud83c\udf10 Site de prezentare Ideal pentru freelanceri, saloane, restaurante, firme mici.Include p\u00e2n\u0103 la 5 pagini, formular de contact, optimizare SEO de baz\u0103. De la 1.499 lei \ud83d\uded2 Magazin online (WooCommerce) Pentru cei care vor s\u0103 v\u00e2nd\u0103 produse sau servicii online.Design curat, integrare plat\u0103 online (Stripe \/ Netopia), facturare automat\u0103, \u0219i training scurt dup\u0103 livrare. De [&hellip;]<\/p>\n","protected":false},"author":1,"featured_media":0,"parent":0,"menu_order":0,"comment_status":"closed","ping_status":"closed","template":"","meta":{"footnotes":""},"class_list":["post-157","page","type-page","status-publish","hentry"],"_links":{"self":[{"href":"https:\/\/siteurirapid.ro\/index.php\/wp-json\/wp\/v2\/pages\/157","targetHints":{"allow":["GET"]}}],"collection":[{"href":"https:\/\/siteurirapid.ro\/index.php\/wp-json\/wp\/v2\/pages"}],"about":[{"href":"https:\/\/siteurirapid.ro\/index.php\/wp-json\/wp\/v2\/types\/page"}],"author":[{"embeddable":true,"href":"https:\/\/siteurirapid.ro\/index.php\/wp-json\/wp\/v2\/users\/1"}],"replies":[{"embeddable":true,"href":"https:\/\/siteurirapid.ro\/index.php\/wp-json\/wp\/v2\/comments?post=157"}],"version-history":[{"count":4,"href":"https:\/\/siteurirapid.ro\/index.php\/wp-json\/wp\/v2\/pages\/157\/revisions"}],"predecessor-version":[{"id":161,"href":"https:\/\/siteurirapid.ro\/index.php\/wp-json\/wp\/v2\/pages\/157\/revisions\/161"}],"wp:attachment":[{"href":"https:\/\/siteurirapid.ro\/index.php\/wp-json\/wp\/v2\/media?parent=157"}],"curies":[{"name":"wp","href":"https:\/\/api.w.org\/{rel}","templated":true}]}}