{"id":170,"date":"2025-10-21T17:07:32","date_gmt":"2025-10-21T14:07:32","guid":{"rendered":"https:\/\/siteurirapid.ro\/?page_id=170"},"modified":"2025-10-22T17:26:23","modified_gmt":"2025-10-22T14:26:23","slug":"recenzii","status":"publish","type":"page","link":"https:\/\/siteurirapid.ro\/index.php\/recenzii\/","title":{"rendered":"Recenzii\u00a0"},"content":{"rendered":"<h4>Andrei S.<\/h4>\n<p>     October 22, 2025<\/p>\n<p>\u201eRecomand cu \u00eencredere. Profesionalism \u0219i comunicare foarte bun\u0103.\u201d<\/p>\n<p>     Bucure\u0219ti <\/p>\n<h4>Ioana P.<\/h4>\n<p>     September 14, 2025<\/p>\n<p>\u201eMi-au f\u0103cut site-ul salonului \u00een 3 zile. Arat\u0103 excelent \u0219i clien\u021bii au \u00eenceput s\u0103 vin\u0103 imediat.\u201d<\/p>\n<p>     Cluj-Napoca <\/p>\n<form method=\"post\" enctype=\"multipart\/form-data\">\n        <input type=\"hidden\" name=\"site-reviews[_action]\" value=\"submit-review\" \/><br \/>\n<input type=\"hidden\" name=\"site-reviews[_nonce]\" value=\"7508c8d849\" \/><br \/>\n<input type=\"hidden\" name=\"site-reviews[_post_id]\" value=\"170\" \/><br \/>\n<input type=\"hidden\" name=\"site-reviews[_referer]\" value=\"https:\/\/siteurirapid.ro\/wp-admin\/post.php?post=170&amp;action=elementor\" \/><br \/>\n<input type=\"hidden\" name=\"site-reviews[assigned_posts]\" value=\"\" \/><br \/>\n<input type=\"hidden\" name=\"site-reviews[assigned_terms]\" value=\"\" \/><br \/>\n<input type=\"hidden\" name=\"site-reviews[assigned_users]\" value=\"\" \/><br \/>\n<input type=\"hidden\" name=\"site-reviews[excluded]\" value=\"\" \/><br \/>\n<input type=\"hidden\" name=\"site-reviews[form_id]\" value=\"glsr_701659f5\" \/><br \/>\n<input type=\"hidden\" name=\"site-reviews[terms_exist]\" value=\"1\" \/><br \/>\n<input type=\"hidden\" name=\"site-reviews[form_signature]\" value=\"GRyqmspHsFbLg5CI1UsFeZIpHgzKTzTnIWfvhWOGUZ7vyOehuXrtVxcc6EghB3i7si_P5_AZA0ix-K7EWJcdbdZnbFLqxV-6NjcTaZaKuQUEZJYUIsyGLaXaxWK98iE0IZt8TPmKXs3mv7AWap7d4w0t4AF7-iHsRIMcK98FGpgoL7EA7l6o9AoPnwLj0xeJUl1Bkjgk4B7ksWJn4Uj9uG1D-VGeNdpf8T3kST9VRHThk7weRjTQKplQbSPjpxyGEZUH-QjLXVnegDLhF67yly71HXaUyXV_T_dQF359DCO2c0nzq9A3aG9Y-Itn3HwZHuoqtv7GXIaXRi9g-fd2lV_Msl39JUJsOdFoJIVua2EnpayCQUI5_Mi7BxQ4twd5vCjTixGqok0slaqQZPWQRDAArPugil3PAgKx5adBz8VHowbfPl5qzrsMzgv_28Ta-rvIOx5hZwxB0Ltu1ENa_N_bIEpjjybjfRfJA0N6uJ3V4W5zmGNU\" \/><br \/>\n<label for=\"site-reviews-28d9c355-glsr_701659f5\">Your review<\/label><input type=\"text\" id=\"site-reviews-28d9c355-glsr_701659f5\" name=\"site-reviews[28d9c355]\" value=\"\" \/><br \/>\n    <label for=\"glsr_701659f5-rating\"><br \/>\n    Your overall rating<br \/>\n<\/label><br \/>\n    <select id=\"glsr_701659f5-rating\" name=\"site-reviews[rating]\" required><option value=\"\">Select a Rating<\/option><option value=\"5\">5 Stars<\/option><option value=\"4\">4 Stars<\/option><option value=\"3\">3 Stars<\/option><option value=\"2\">2 Stars<\/option><option value=\"1\">1 Star<\/option><\/select><br \/>\n    <label for=\"glsr_701659f5-title\"><br \/>\n    Title of your review<br \/>\n<\/label><br \/>\n    <input type=\"text\" id=\"glsr_701659f5-title\" name=\"site-reviews[title]\" placeholder=\"Summarize your review or highlight an interesting detail\" value=\"\" \/><br \/>\n    <label for=\"glsr_701659f5-content\"><br \/>\n    Your review<br \/>\n<\/label><br \/>\n    <textarea id=\"glsr_701659f5-content\" name=\"site-reviews[content]\" required placeholder=\"Tell people your review\" rows=\"5\"><\/textarea><br \/>\n    <label for=\"glsr_701659f5-name\"><br \/>\n    Your name<br \/>\n<\/label><br \/>\n    <input type=\"text\" id=\"glsr_701659f5-name\" name=\"site-reviews[name]\" required placeholder=\"Tell us your name\" value=\"\" \/><br \/>\n    <label for=\"glsr_701659f5-email\"><br \/>\n    Your email<br \/>\n<\/label><br \/>\n    <input type=\"email\" id=\"glsr_701659f5-email\" name=\"site-reviews[email]\" required placeholder=\"Tell us your email\" value=\"\" \/><br \/>\n        <label for=\"glsr_701659f5-terms-1\">This review is based on my own experience and is my genuine opinion.<\/label><br \/>\n            <input type=\"checkbox\" id=\"glsr_701659f5-terms-1\" name=\"site-reviews[terms]\" required value=\"1\" \/> &#8203; <!-- zero-space character used for alignment --><br \/>\n            <button type=\"submit\" aria-busy=\"false\" data-loading=\"Submitting, please wait...\">Submit Review<\/button><br \/>\n    <\/form>\n","protected":false},"excerpt":{"rendered":"<p>Andrei S. October 22, 2025 \u201eRecomand cu \u00eencredere. Profesionalism \u0219i comunicare foarte bun\u0103.\u201d Bucure\u0219ti Ioana P. September 14, 2025 \u201eMi-au f\u0103cut site-ul salonului \u00een 3 zile. Arat\u0103 excelent \u0219i clien\u021bii au \u00eenceput s\u0103 vin\u0103 imediat.\u201d Cluj-Napoca Your review Your overall rating Select a Rating5 Stars4 Stars3 Stars2 Stars1 Star Title of your review Your review [&hellip;]<\/p>\n","protected":false},"author":1,"featured_media":0,"parent":0,"menu_order":0,"comment_status":"closed","ping_status":"closed","template":"","meta":{"footnotes":""},"class_list":["post-170","page","type-page","status-publish","hentry"],"_links":{"self":[{"href":"https:\/\/siteurirapid.ro\/index.php\/wp-json\/wp\/v2\/pages\/170","targetHints":{"allow":["GET"]}}],"collection":[{"href":"https:\/\/siteurirapid.ro\/index.php\/wp-json\/wp\/v2\/pages"}],"about":[{"href":"https:\/\/siteurirapid.ro\/index.php\/wp-json\/wp\/v2\/types\/page"}],"author":[{"embeddable":true,"href":"https:\/\/siteurirapid.ro\/index.php\/wp-json\/wp\/v2\/users\/1"}],"replies":[{"embeddable":true,"href":"https:\/\/siteurirapid.ro\/index.php\/wp-json\/wp\/v2\/comments?post=170"}],"version-history":[{"count":25,"href":"https:\/\/siteurirapid.ro\/index.php\/wp-json\/wp\/v2\/pages\/170\/revisions"}],"predecessor-version":[{"id":272,"href":"https:\/\/siteurirapid.ro\/index.php\/wp-json\/wp\/v2\/pages\/170\/revisions\/272"}],"wp:attachment":[{"href":"https:\/\/siteurirapid.ro\/index.php\/wp-json\/wp\/v2\/media?parent=170"}],"curies":[{"name":"wp","href":"https:\/\/api.w.org\/{rel}","templated":true}]}}